1005 and 1104765?
15
Calculate the highest common factor of 29326612 and 308.
28
What is the highest common factor of 9357651 and 5475?
219
Calculate the greatest common factor of 10699693 and 106.
53
What is the highest common divisor of 355 and 41962265?
5
Calculate the highest common divisor of 184121812 and 2436.
812
Calculate the highest common divisor of 64321616 and 92.
92
What is the highest common factor of 185 and 3711544?
37
Calculate the greatest common factor of 2411933 and 1541.
67
Calculate the greatest common divisor of 407602 and 7516054.
1586
What is the highest common divisor of 39 and 2542611513?
39
What is the greatest common factor of 1279245 and 561?
33
What is the highest common divisor of 128821 and 73843?
539
Calculate the greatest common divisor of 219328 and 3392.
64
Calculate the greatest common divisor of 299425 and 4466.
203
Calculate the highest common factor of 6796 and 3917894.
3398
What is the highest common factor of 4862427 and 3628?
907
What is the greatest common factor of 851 and 2997176?
23
Calculate the highest common factor of 127891 and 1088.
17
Calculate the greatest common factor of 315296 and 27175872.
1888
Calculate the highest common factor of 327669 and 3793557.
1371
Calculate the greatest common factor of 10194766 and 12709.
179
Calculate the highest common divisor of 87649802 and 536.
134
Calculate the greatest common divisor of 768108 and 175692.
1452
What is the greatest common factor of 3 and 128854620?
3
Calculate the greatest common divisor of 11928 and 12658093.
497
What is the highest common factor of 975660 and 1649445?
2415
What is the greatest common divisor of 15806856 and 122148?
4524
What is the greatest common divisor of 4615 and 560545?
355
Calculate the greatest common factor of 573694045 and 5.
5
Calculate the greatest common factor of 1118 and 74719853.
559
What is the highest common divisor of 177 and 1652976?
3
What is the highest common divisor of 223 and 12324318?
223
What is the highest common factor of 149011502 and 56439?
6271
What is the greatest common factor of 9120 and 3373920?
480
What is the highest common factor of 38019 and 583509?
1653
Calculate the greatest common factor of 84182067 and 43216.
2701
Calculate the highest common factor of 1711866 and 2652.
1326
What is the greatest common factor of 2787944 and 81374?
3538
Calculate the highest common factor of 35793 and 51313.
97
Calculate the highest common factor of 18050692 and 1254.
22
Calculate the greatest common divisor of 30 and 83517015.
15
What is the highest common divisor of 192 and 1944540096?
192
Calculate the greatest common factor of 705714527 and 2191.
2191
What is the highest common divisor of 90987 and 31200?
39
What is the highest common factor of 156340774 and 6?
2
Calculate the greatest common factor of 61539 and 177873.
843
Calculate the highest common factor of 82621 and 29267.
259
Calculate the highest common divisor of 117 and 18592587.
117
Calculate the greatest common divisor of 66604034 and 28.
14
Calculate the greatest common factor of 1190 and 11755534.
238
What is the highest common factor of 44281 and 3158?
1
What is the greatest common factor of 1313043828 and 36?
12
Calculate the greatest common factor of 13071269 and 3397.
43
Calculate the greatest common divisor of 2239 and 109711.
2239
Calculate the highest common factor of 209 and 1084952.
11
Calculate the highest common divisor of 646964976 and 72.
24
Calculate the greatest common factor of 1802682 and 5586.
798
What is the highest common divisor of 328773109 and 6874?
3437
Calculate the highest common divisor of 620754 and 7102752.
1842
Calculate the highest common factor of 15222 and 3160571.
59
Calculate the greatest common divisor of 12972566 and 590.
118
Calculate the greatest common factor of 240 and 17668620.
60
What is the greatest common factor of 704 and 3594646?
22
What is the greatest common divisor of 35484 and 125088?
12
What is the greatest common factor of 55 and 176893541?
11
Calculate the greatest common factor of 11684 and 7263492.
92
What is the greatest common factor of 566522 and 62194?
242
Calculate the greatest common factor of 133524 and 1116.
36
What is the highest common factor of 3256 and 689194?
22
Calculate the greatest common factor of 119164180 and 2795.
215
What is the highest common divisor of 11102 and 13774166?
854
What is the greatest common factor of 246906 and 6003?
261
Calculate the greatest common factor of 1007 and 24642677.
19
Calculate the greatest common divisor of 216 and 77386404.
12
Calculate the greatest common divisor of 32358 and 942.
6
Calculate the highest common divisor of 1380038 and 7.
1
What is the greatest common factor of 9102598 and 2286?
254
Calculate the highest common factor of 33816 and 10992.
24
Calculate the greatest common factor of 26857 and 372484.
251
Calculate the highest common factor of 5427 and 165402.
81
What is the highest common divisor of 20 and 13630890?
10
What is the highest common factor of 1214194292 and 632?
316
Calculate the greatest common divisor of 1889 and 1373303.
1889
Calculate the highest common divisor of 114 and 11829039.
57
Calculate the highest common factor of 3 and 22279062.
3
What is the highest common factor of 62812976 and 555?
37
Calculate the greatest common divisor of 8526 and 5083932.
1218
Calculate the highest common factor of 12098436 and 502824.
6132
Calculate the highest common factor of 18803730 and 1140.
570
Calculate the greatest common divisor of 1286 and 27440668.
1286
What is the highest common factor of 29200 and 979240?
40
Calculate the greatest common factor of 172564 and 1442.
14
What is the greatest common factor of 242480 and 1148?
28
What is the greatest common divisor of 424 and 607584?
8
Calculate the greatest common factor of 288 and 697888.
32
What is the greatest common divisor of 22258 and 131035?
359
What is the greatest common divisor of 166998893 and 3365?
673
What is the highest common factor of 114 and 1264651989?
57
What is the greatest common divisor of 10763 and 237473?
229
What is the greatest common divisor of 44192351 and 6202?
3101
Calculate the greatest common divisor of 185 and 243904.
37
Calculate the highest common factor of 789090 and 20880.
870
What is the greatest common divisor of 1005 and 166495?
335
What is the highest common divisor of 50010 and 59160?
30
What is the highest common divisor of 353868556 and 87?
29
What is the greatest common factor of 2776827 and 6?
3
Calculate the greatest common factor of 864 and 21475152.
432
What is the greatest common divisor of 10762246 and 55?
11
Calculate the greatest common divisor of 20640984 and 4998.
42
Calculate the highest common factor of 10381006 and 84334.
566
What is the highest common factor of 560 and 13222720?
560
What is the greatest common divisor of 5544715 and 4143?
1381
What is the greatest common divisor of 280 and 792361640?
280
What is the highest common factor of 4181922 and 30?
6
Calculate the greatest common factor of 43349 and 337087.
647
Calculate the greatest common divisor of 828190 and 3850.
110
Calculate the highest common divisor of 18576 and 624231.
387
What is the greatest common divisor of 10264800 and 4992?
1248
What is the highest common divisor of 102474416 and 1291?
1291
Calculate the greatest common factor of 2390 and 520640.
10
What is the greatest common factor of 93870 and 31318?
14
What is the greatest common divisor of 6387402 and 24?
6
Calculate the highest common divisor of 12752 and 12013978.
1594
Calculate the highest common divisor of 710358 and 11221485.
1551
Calculate the greatest common divisor of 13 and 166792457.
13
What is the greatest common factor of 142 and 3393871?
71
What is the highest common factor of 340586 and 134?
2
Calculate the highest common divisor of 4420002 and 414.
138
Calculate the highest common factor of 64060726 and 4684.
2342
What is the highest common factor of 14430634 and 2164?
1082
Calculate the greatest common factor of 33984280 and 640.
40
What is the greatest common factor of 3343 and 356681385?
3343
What is the highest common factor of 81 and 522709767?
81
What is the greatest common factor of 77246520 and 90?
30
Calculate the greatest common f